{"id":9,"date":"2024-04-04T06:53:36","date_gmt":"2024-04-04T06:53:36","guid":{"rendered":"https:\/\/bg-computer.com\/?page_id=9"},"modified":"2024-04-04T13:28:13","modified_gmt":"2024-04-04T13:28:13","slug":"vendita","status":"publish","type":"page","link":"https:\/\/bg-computer.com\/?page_id=9","title":{"rendered":"Vendita"},"content":{"rendered":"\n<h2 class=\"wp-block-heading\"><strong>Notebook: Portatili per Ogni Esigenza<\/strong><\/h2>\n\n\n\n<p>I nostri notebook offrono prestazioni elevate e design elegante. Sia che siate studenti, professionisti o appassionati di gaming, troverete il modello perfetto per voi. Valuta anche i nostri notebook ricondizionati, che garantiscono un ottimo rapporto qualit\u00e0-prezzo.<\/p>\n\n\n\n<h2 class=\"wp-block-heading\"><strong>Stampanti All-in-One: Versatilit\u00e0 e Qualit\u00e0<\/strong><\/h2>\n\n\n\n<p>Le nostre stampanti all-in-one sono la soluzione ideale per uffici e case. Stampa, copia, scansione e fax: tutto in un unico dispositivo. Scegli tra modelli inkjet o laser, a colori o in bianco e nero. Ti aiutiamo a scegliere la stampante giusta per le tue esigenze.<\/p>\n\n\n\n<h2 class=\"wp-block-heading\"><strong>Accessori: Espandi le Funzionalit\u00e0 del Tuo PC<\/strong><\/h2>\n\n\n\n<p>Abbiamo una vasta gamma di accessori per migliorare la tua esperienza informatica. Dai mouse alle tastiere, dalle borse ai cavi, troverai tutto ci\u00f2 di cui hai bisogno per ottimizzare il tuo notebook o desktop. E se stai cercando parti di ricambio originali o compatibili possiamo aiutarti.<\/p>\n\n\n\n<h2 class=\"wp-block-heading\"><strong>Perch\u00e9 Scegliere Noi?<\/strong><\/h2>\n\n\n\n<ul class=\"wp-block-list\">\n<li><strong>Consegna chiavi in mano<\/strong>: Consegnamo il tuo pc pronto per essere utilizzato, pensiamo noi alla configurazioneiniziale, agli aggiornamenti e ai software di cui hai bisogno.<\/li>\n\n\n\n<li><strong>Prodotti Ricondizionati Certificati<\/strong>: Garantiamo la qualit\u00e0 dei nostri prodotti ricondizionati.<\/li>\n\n\n\n<li><strong>Assistenza Clienti<\/strong>: Siamo pronti a rispondere a tutte le tue domande tramite mail, telefono o WhatsApp.<\/li>\n<\/ul>\n\n\n\n<p><\/p>\n","protected":false},"excerpt":{"rendered":"<p>Notebook: Portatili per Ogni Esigenza I nostri notebook offrono prestazioni elevate e design elegante. Sia che siate studenti, professionisti o appassionati di gaming, troverete il modello perfetto per voi. Valuta anche i nostri notebook ricondizionati, che garantiscono un ottimo rapporto qualit\u00e0-prezzo. Stampanti All-in-One: Versatilit\u00e0 e Qualit\u00e0 Le nostre stampanti all-in-one sono la soluzione ideale per uffici e case. Stampa, copia, scansione e fax: tutto in un unico dispositivo. Scegli tra modelli inkjet o laser, a colori o in bianco e nero. Ti aiutiamo a scegliere la stampante giusta per le tue esigenze. Accessori: Espandi le Funzionalit\u00e0 del Tuo PC Abbiamo&#8230; <\/p>\n","protected":false},"author":1,"featured_media":0,"parent":0,"menu_order":0,"comment_status":"closed","ping_status":"closed","template":"","meta":{"footnotes":""},"class_list":["post-9","page","type-page","status-publish","hentry"],"_links":{"self":[{"href":"https:\/\/bg-computer.com\/index.php?rest_route=\/wp\/v2\/pages\/9","targetHints":{"allow":["GET"]}}],"collection":[{"href":"https:\/\/bg-computer.com\/index.php?rest_route=\/wp\/v2\/pages"}],"about":[{"href":"https:\/\/bg-computer.com\/index.php?rest_route=\/wp\/v2\/types\/page"}],"author":[{"embeddable":true,"href":"https:\/\/bg-computer.com\/index.php?rest_route=\/wp\/v2\/users\/1"}],"replies":[{"embeddable":true,"href":"https:\/\/bg-computer.com\/index.php?rest_route=%2Fwp%2Fv2%2Fcomments&post=9"}],"version-history":[{"count":3,"href":"https:\/\/bg-computer.com\/index.php?rest_route=\/wp\/v2\/pages\/9\/revisions"}],"predecessor-version":[{"id":64,"href":"https:\/\/bg-computer.com\/index.php?rest_route=\/wp\/v2\/pages\/9\/revisions\/64"}],"wp:attachment":[{"href":"https:\/\/bg-computer.com\/index.php?rest_route=%2Fwp%2Fv2%2Fmedia&parent=9"}],"curies":[{"name":"wp","href":"https:\/\/api.w.org\/{rel}","templated":true}]}}